h**3 - 9*h**2 + h + 1. What is the remainder when (-1)/(1/(-28) - 0) is divided by z(9)?
8
Suppose -3*c + 1042 = 4*q, -4*q + 2*c - 782 = -7*q. Calculate the remainder when q is divided by 53.
50
Let s = -5 + 10. What is the remainder when s is divided by 5?
0
Let l be (14/(-3))/(1/(-6)). Let d = -13 + l. Suppose 0 = -4*v - v + d. What is the remainder when v is divided by 2?
1
Let l(g) = -g - 9. Let n(x) = x**2 - x - 2. Let m(c) = -c**2 + c + 3. Let a be m(0). What is the remainder when n(a) is divided by l(-11)?
0
Let i = -6 - -12. What is the remainder when 22 is divided by i?
4
Suppose 14 = -5*o + 39. Suppose 5 = 5*a, -2*a = i - o*a - 18. What is the remainder when 82 is divided by i?
19
Let h(s) = -3*s - 15. Calculate the remainder when 42 is divided by h(-10).
12
Suppose 13*c + 97 - 513 = 0. Calculate the remainder when 95 is divided by c.
31
What is the remainder when 59 is divided by 3*-1*(-21)/9?
3
Suppose -4*d + 37 = -55. What is the remainder when 90 is divided by d?
21
Suppose -k = 4*k. Suppose x - 1 - 7 = k. What is the remainder when x is divided by 5?
3
Let q = 91 - 50. Suppose y - 9 = q. Suppose -48 = -3*p - 2*n - n, 2*n + 53 = 3*p. Calculate the remainder when y is divided by p.
16
Let d(c) = -c**3 + 2*c**2 - c + 1. Let s be d(2). What is the remainder when 38 is divided by 39/s*(-5)/15?
12
Suppose z = -0*d - 3*d + 93, 2*d - 54 = 2*z. Calculate the remainder when 111 is divided by d.
21
Let s(r) = -48*r**2 - 1. Let d be s(1). Let l = 78 + d. Calculate the remainder when l is divided by 10.
9
Let n = -4 - -2. Let l = n - -22. Calculate the remainder when 59 is divided by l.
19
Calculate the remainder when 29 is divided by (3 - 1)*30/4.
14
Suppose -3*s - q + 6 = 2*s, -3*s - 4*q - 10 = 0. Suppose o - 14 = -3*w, -5*o - 2*w + 22 = w. What is the remainder when o is divided by s?
0
Suppose -3*y - i = 2*y - 176, 2*y - 52 = -5*i. Calculate the remainder when 115 is divided by y.
7
Let o = 126 + 56. What is the remainder when o is divided by 46?
44
Let a = 24 + -3. Calculate the remainder when a is divided by ((-3)/(-4))/(2/32).
9
Calculate the remainder when (2 + 27)*(0 + 1) is divided by 10*(1 + (-2 - -2)).
9
Let m = 6 - -14. Suppose -2*j + m = 2*j. Calculate the remainder when 18 is divided by j.
3
What is the remainder when 0/2 - (0 - 21) is divided by (-3 + (-16)/(-5))*55?
10
Suppose 0 = h + g - 20, h + 2*g = 3*h - 56. What is the remainder when h is divided by 13?
11
Let w(l) = l**3 + l**2 + l - 5. Let z be w(0). Calculate the remainder when 53 is divided by ((-2)/4)/(z/140).
11
Let h = 187 - 129. Calculate the remainder when h is divided by 15.
13
Suppose -2*y = 5*b - 273, -y = -5*b - 1 + 277. Let o = 2 + 27. What is the remainder when b is divided by o?
26
Suppose 5*x = 4*x. Suppose 3*i - m + 6*m - 60 = x, 4*m = -5*i + 113. What is the remainder when i is divided by 9?
7
Let g = 16 - -3. What is the remainder when -1 - 0 - 16*-2 is divided by -3 + (2 - 1)*g?
15
Let q(t) = -9*t - 4. Let i(u) = u + 1. Suppose 2 + 2 = -4*s. Let r(o) = s*q(o) - 3*i(o). What is the remainder when r(4) is divided by 9?
7
What is the remainder when 55 is divided by 25 + 8*(-5)/(-10)?
26
Let o = 148 + -90. Suppose 4*c - 102 - o = 0. Suppose -2*u + 5*u = 2*t - 33, 3*t + 5*u - c = 0. What is the remainder when 29 is divided by t?
14
Let a(o) = 2 + 3 - 3 + 27*o**2 - 3 + 2*o. Calculate the remainder when a(1) is divided by 6.
4
Let h(z) = 2*z + 15. What is the remainder when 194 is divided by h(12)?
38
Suppose -2*n = -4*z, 0*n = 3*z - n + 2. Let v = -9 - z. Let l(m) = m + 10. What is the remainder when 8 is divided by l(v)?
2
Let r = -39 - -66. Let m(f) = -f**2 - f + 2. Let a be m(2). Let l = 18 + a. What is the remainder when r is divided by l?
13
Let b be (30/(-4))/((-2)/(-4)). Let i = -2 - b. What is the remainder when 37 is divided by i?
11
Let w = 52 + -3. Calculate the remainder when w is divided by 10.
9
Suppose 0 = 13*s - 280 + 59. What is the remainder when 47 is divided by s?
13
Let z = -98 + 171. Calculate the remainder when z is divided by 25.
23
Let b(x) = -54*x. Let p be b(-1). Suppose 6*y = 3*y + p. What is the remainder when 35 is divided by y?
17
Let h(n) = 3*n**2 - 3*n - 3. Let x = -7 - -36. Calculate the remainder when x is divided by h(3).
14
Let o = 49 + -39. What is the remainder when o is divided by 4/(1/((-6)/(-4)))?
4
Suppose 0 = 3*u, 0*x - 2*x + 4*u = 0. Let w(y) = y**3 - y**2 + y + 5. Let g be w(0). Suppose x = g*f + 22 - 72. What is the remainder when 19 is divided by f?
9
Let t(c) = -c**3 + 8*c + 4. Calculate the remainder when t(-5) is divided by 46.
43
Suppose 3*s + 7 = 5*n, -s + 0 - 5 = -3*n. Suppose 6 = 5*v + s, 2*m - 5*v = 45. What is the remainder when 97 is divided by m?
22
Let n be 2/(-3) + (-35)/(-3). Let l = 20 - n. Let y = l + 1. Calculate the remainder when 28 is divided by y.
8
What is the remainder when 62 is divided by (4/10)/(1/40)?
14
Let z = 126 - 107. What is the remainder when 149 is divided by z?
16
Let g(h) = -h**3 - 2*h**2 + 3*h + 6. Suppose 2 + 0 = m. Suppose -18 = -m*k - 0*k. Calculate the remainder when g(-4) is divided by k.
8
Suppose 2*j + 14 = 4*j. What is the remainder when j is divided by 5?
2
Calculate the remainder when 32 is divided by ((-88)/(-12))/(2/3).
10
Suppose -k = -4*m + 8 - 3, 2*k = 5*m - 7. Calculate the remainder when 4 is divided by 3/(-1 - -2) - m.
0
Suppose -4*g + 696 = -4*a, -5*g + 5*a + 882 = 3*a. What is the remainder when g is divided by 15?
13
Let p = 3 + 5. What is the remainder when 31 is divided by p?
7
Let q(v) = -5*v - 2. Calculate the remainder when q(-8) is divided by 21.
17
Suppose 3*o + 4*s - 1 = 16, -2 = -s. Suppose -o*b + 1 + 11 = 0. Calculate the remainder when 13 is divided by b.
1
Suppose -20 + 2 = -3*p. Suppose -72 = v - 4*v + w, p = -2*w. Let u = 3 - -5. Calculate the remainder when v is divided by u.
7
Let c(z) = 8*z**2 + 2*z - 1. Let d be c(1). Let y(w) = w**2 - 6*w - 3. What is the remainder when y(d) is divided by 9?
6
Suppose -4 = -2*i, 0 = h - 0*h + i - 23. Calculate the remainder when 41 is divided by h.
20
Let x = 0 - -37. Let r = x + 26. Calculate the remainder when r is divided by 16.
15
Let a be 9/3*(-12)/(-9). Suppose 429 = 5*o + 3*u, 2*o + 6*u - a*u - 174 = 0. Let d = -32 + o. Calculate the remainder when d is divided by 18.
16
Let b = 14 + -27. Let j be 1/(-4) - b/4. What is the remainder when 19 is divided by 10 + j*(-3)/(-9)?
8
Let t = 336 + -223. Calculate the remainder when t is divided by 23.
21
Suppose -2*x = -3*x + 4, 0 = 5*h + 4*x - 81. Suppose 3*s - 2 = 10. Suppose 0 = -s*f + f + 72. What is the remainder when f is divided by h?
11
Let k = 1 - -13. Let s(q) = 3*q**2 - 4*q. What is the remainder when s(-3) is divided by k?
11
Suppose 4*j = -4*l - 4, 0*l = -5*l + j + 1. Let v be 2 + 1*(-1 - -2). Suppose -3*o + v = -l*o. What is the remainder when 1 is divided by o?
0
Let t(c) = 9*c**2 + 1. Let x be (-1 - -3)*(0 + -3). Let s = x - -5. Calculate the remainder when 28 is divided by t(s).
8
Suppose -42 = 8*m - 11*m. What is the remainder when m is divided by 8?
6
Let c(i) = -i**2 + 4*i - 2. Let s be c(2). Suppose 5 = s*m - 1. Suppose -m*d = -2*d - 10. What is the remainder when 17 is divided by d?
7
Suppose 2*s + 5 - 62 = -5*o, 4*s = 2*o + 78. What is the remainder when 4/(-6) - 7/(105/(-1240)) is divided by s?
19
Suppose -d - 20 = -n, 5 = n + 3*d - 7*d. What is the remainder when n is divided by 9?
7
Let d(b) = b**2 + 3*b - 4. Let z be d(-3). What is the remainder when 31*z/8*-2 is divided by 8?
7
Let f(g) = -g - 10. Calculate the remainder when 6 is divided by f(-12).
0
Suppose -5*m = l - 77, -4*l = m - 0*m - 23. Calculate the remainder when m is divided by 4/(-6) + (-78)/(-9).
7
Let m be (-2 - -2)*1*1. Suppose 3*j = 5*t + 55, 0 = -3*t - 6 - 9. Calculate the remainder when 17 - (-1 + 1 + m) is divided by j.
7
Let r(n) = n - 12. Calculate the remainder when 10 is divided by r(14).
0
Let b(w) = w**2 + 3*w - 2. Let a be -10*(-6)/15*-1. Calculate the remainder when 4 is divided by b(a).
0
What is the remainder when 23 is divided by (3 - 7)/(3/(-6))?
7
Suppose -t + y + 24 - 3 = 0, -4*t - 4*y = -52. What is the remainder when t is divided by 6?
5
Let f = 16 + -11. Calculate the remainder when 11 is divided by f.
1
Let b = 25 - 19. Calculate th